ulate s(-1).
48
Let j(a) = -106*a + 572. Determine j(5).
42
Let y(c) = -10*c - 316. Give y(-45).
134
Let b(u) = -45*u + 277. Give b(6).
7
Let n(g) = 61*g - 152. Give n(-7).
-579
Let b(p) = p**2 - 2942*p + 113207. Give b(39).
-10
Let s(q) = 2*q**3 - 19*q**2 + 96*q - 2444. Calculate s(13).
-13
Let c(q) = -2*q**2 - 35*q - 43. Determine c(-16).
5
Let r(q) = q**3 + 8*q**2 + 99*q + 511. Determine r(-6).
-11
Let x(u) = 116*u**2 - 5567*u - 58. Determine x(48).
-10
Let r(n) = -64*n - 3474. Calculate r(-54).
-18
Let v(k) = 3*k**3 + 2*k**2 - 7*k + 10. What is v(-3)?
-32
Let c(u) = 5294*u + 47639. Give c(-9).
-7
Let z(n) = n**2 + 29*n + 6. Calculate z(-26).
-72
Let x(y) = 59*y - 411. What is x(7)?
2
Let r(q) = -4*q - 826. Calculate r(-58).
-594
Let c(o) = -o**2 - 1079*o + 2. Determine c(0).
2
Let a(q) = -88*q - 3528. Calculate a(-40).
-8
Let m(u) = 46*u + 155. What is m(-4)?
-29
Let j(v) = -v**3 - 82*v**2 - 103*v - 1776. Determine j(-81).
6
Let j(a) = 41*a + 360. Give j(-10).
-50
Let u(l) = 2*l**3 + 65*l**2 - 35*l - 15. Calculate u(-33).
51
Let q(r) = 11*r**2 - 13*r - 324. Calculate q(6).
-6
Let z(d) = d**2 - 829*d + 827. Determine z(1).
-1
Let v(b) = -7*b**2 + 1888*b - 1349. Determine v(269).
-4
Let k(p) = -3*p - 95. Determine k(-20).
-35
Let w(r) = -707*r + 22. Calculate w(-1).
729
Let f(b) = 173*b + 28383. Calculate f(-164).
11
Let n(s) = -s**2 - 8*s + 749. Calculate n(23).
36
Let q(n) = -n**3 - 41*n**2 - 90*n - 2026. Calculate q(-40).
-26
Let p(s) = -18*s + 451. Calculate p(24).
19
Let d(s) = -160*s - 974. Give d(-6).
-14
Let a(p) = -5*p**3 + 85*p**2 + 192*p - 41. Calculate a(19).
-3
Let m(z) = -31*z**3 - 86*z**2 + 22*z + 3. What is m(-3)?
0
Let j(r) = -r**3 + 9*r**2 + 10*r + 269. Calculate j(11).
137
Let i(q) = -5599*q - 106382. Give i(-19).
-1
Let x(d) = -d**3 - 37*d**2 - 75*d - 47. Calculate x(-35).
128
Let y(i) = -i**3 - 4*i**2 + i + 36. Give y(-4).
32
Let f(a) = 19*a - 2811. Determine f(148).
1
Let w(a) = 235*a - 3065. Calculate w(13).
-10
Let j(t) = t**3 - 29*t**2 + 49*t + 71. What is j(27)?
-64
Let o(u) = 8*u**2 + 2*u - 13. Calculate o(2).
23
Let z(b) = 2*b**2 - 14*b - 158. Determine z(16).
130
Let c(w) = -9798*w - 19592. Give c(-2).
4
Let r(x) = 3*x**2 + 93*x - 48. Give r(-31).
-48
Let y(c) = -c**3 + 11*c**2 - 12*c - 57. Determine y(9).
-3
Let a(p) = p**3 + 5*p**2 + 11*p + 23. Calculate a(-3).
8
Let f(r) = -r**3 + 5*r**2 - 7*r + 7. Determine f(3).
4
Let o(j) = j**3 - 3*j**2 - 4*j + 13. Calculate o(2).
1
Let g(t) = t**2 - 18*t - 1004. Determine g(42).
4
Let q(t) = -10*t**3 - 756*t**2 + 305*t + 72. Give q(-76).
-4
Let w(s) = 30*s + 2183. Determine w(-76).
-97
Let m(z) = -91*z - 609. Calculate m(-7).
28
Let w(p) = 5*p**2 - 270*p + 184. Give w(53).
-81
Let q(c) = -2200*c - 2179. Give q(-1).
21
Let o(k) = k**2 - 20*k + 57. What is o(13)?
-34
Let p(w) = -94*w**2 + 1495*w + 136. What is p(16)?
-8
Let u(n) = 546*n - 5986. Give u(11).
20
Let k(x) = -x**2 + 40*x + 61. What is k(45)?
-164
Let p(w) = 23*w + 48. Give p(-4).
-44
Let a(c) = 183*c - 2090. What is a(13)?
289
Let z(p) = -2*p**2 + 27*p. Calculate z(15).
-45
Let l(f) = 32*f**2 - 5502*f - 349. Determine l(172).
-5
Let x(n) = n**2 + 592*n - 9045. Calculate x(15).
60
Let o(d) = -245*d - 30. What is o(1)?
-275
Let p(t) = -102*t**3 - t + 6. Determine p(-2).
824
Let j(d) = -d**3 + 30*d**2 - 88*d + 185. Determine j(27).
-4
Let l(x) = -7*x - 30. What is l(12)?
-114
Let m(g) = 3*g**3 + 14*g**2 - 3*g - 9. Give m(-5).
-19
Let g(i) = -3*i**2 - 57*i - 57. Calculate g(-18).
-3
Let c(u) = 2*u**3 + 17*u**2 + 10*u - 16. What is c(-8)?
-32
Let c(k) = -53*k - 23. Calculate c(-6).
295
Let g(t) = t**2 - 21*t + 64. Give g(4).
-4
Let k(y) = y**2 + 55*y - 508. Determine k(-63).
-4
Let q(z) = -4398*z - 21994. Give q(-5).
-4
Let g(h) = -10*h - 1. Give g(6).
-61
Let c(u) = -u**3 + 16*u**2 + 57*u - 161. Give c(2).
9
Let s(r) = 79*r - 368. Determine s(0).
-368
Let c(t) = 105*t**2 - 403*t - 75. What is c(4)?
-7
Let n(g) = 26*g**2 - 2448*g + 370. Calculate n(94).
-6
Let z(t) = 9030*t - 36107. Calculate z(4).
13
Let t(y) = 64*y + 2164. Calculate t(-31).
180
Let n(h) = 1278*h + 8923. Give n(-7).
-23
Let x(i) = 80*i + 2454. Calculate x(-29).
134
Let v(d) = -d**3 + 7*d**2 + 25*d + 10. Give v(10).
-40
Let y(x) = 2*x**3 - 49*x**2 - 25*x + 15. Give y(25).
15
Let x(f) = -f**2 - 130*f - 272. Determine x(-128).
-16
Let g(s) = -s**3 - 16*s**2 + 351*s - 42. Give g(12).
138
Let r(g) = -1055*g**2 + 9490*g + 31. Calculate r(9).
-14
Let d(l) = -l**2 + 35*l - 132. Give d(4).
-8
Let o(w) = 58*w**2 - 164*w + 9. Calculate o(3).
39
Let l(s) = 469*s - 5637. Calculate l(12).
-9
Let y(f) = -f**3 - 33*f**2 + 28*f - 175. What is y(-34)?
29
Let o(m) = -2*m**2 + 334*m - 1936. Give o(6).
-4
Let g(i) = -26*i**2 + 13*i + 15. Determine g(4).
-349
Let i(j) = 4*j**2 + 9*j - 15. Determine i(-3).
-6
Let y(u) = 977*u - 8588. Determine y(9).
205
Let t(z) = -z**3 - 10*z**2 + 39*z - 4. Calculate t(-13).
-4
Let v(g) = 3*g**3 - 32*g**2 - 2*g + 15. Give v(5).
-420
Let a(j) = 5*j**3 - 30*j**2 + 10*j - 51. Calculate a(6).
9
Let r(l) = -l**3 - 31*l**2 + 217*l - 236. Determine r(-37).
-51
Let g(b) = -2*b**2 + 202*b + 33816. Calculate g(190).
-4
Let d(x) = -277*x + 32411. Calculate d(117).
2
Let b(q) = q**3 - q**2 - 8*q + 31. What is b(4)?
47
Let j(i) = 150*i + 13244. What is j(-88)?
44
Let i(n) = -n**2 - 34*n + 12. Determine i(-25).
237
Let a(o) = 20*o**2 - 19*o - 67. What is a(-3)?
170
Let h(w) = -35*w - 20. Determine h(-2).
50
Let m(p) = -p**3 - 66*p**2 - 65*p + 32. Determine m(-65).
32
Let f(w) = w**2 - 244*w + 730. Determine f(3).
7
Let a(m) = m**2 + 39*m - 824. Determine a(15).
-14
Let v(k) = -2*k**3 + 3*k**2 - 2*k - 7. Give v(3).
-40
Let w(s) = 126*s + 1902. Calculate w(-15).
12
Let v(r) = r**3 + 58*r**2 + 64*r + 240. Determine v(-57).
-159
Let o(l) = 5*l**2 - 10*l - 159. What is o(-8)?
241
Let w(a) = -a**3 - 29*a**2 - 23*a + 146. Give w(-28).
6
Let x(h) = h**3 - 3*h**2 - 303*h + 1740. What is x(6)?
30
Let v(h) = h**3 - 57*h**2 + 150*h + 650. Calculate v(54).
2
Let j(z) = 2*z**2 + 9*z - 167. Determine j(7).
-6
Let c(u) = -23*u**3 - 8*u**2 - 4*u + 3. Determine c(0).
3
Let l(y) = y**2 + 39*y - 270. Calculate l(10).
220
Let d(b) = 2*b**3 + 11*b**2 - 6*b + 7. Determine d(-6).
7
Let w(o) = -14*o**2 + 14*o + 54. Determine w(6).
-366
Let m(t) = 1153*t + 106087. What is m(-92)?
11
Let v(d) = -2*d**3 - 27*d**2 - 32*d + 113. Give v(-11).
-140
Let v(z) = 5*z**2 + 56*z - 288. What is v(-15)?
-3
Let o(v) = 7*v**3 - 3*v**2 + 15*v - 33. Calculate o(2).
41
Let z(w) = w**2 + 5537*w - 381136. Determine z(68).
4
Let g(d) = 4*d**2 + 20*d - 205. Determine g(-10).
-5
Let g(f) = -3*f**3 + f**2 - 5*f + 10. What is g(-3)?
115
Let w(j) = -2*j**2 - 38*j - 128. Determine w(-9).
52
Let s(x) = -158*x + 5. Give s(0).
5
Let y(j) = -18*j**2 - 9*j - 3. What is y(-3)?
-138
Let i(q) = q**3 - 18*q**2 + 46*q + 47. Give i(13).
-200
Let t(v) = -4*v**2 - 2*v + 12. What is t(-3)?
-18
Let g(y) = -9*y**3 + 6*y**2 + 2*y + 3. What is g(3)?
-180
Let a(b) = b**3 - 8*b**2 + 75*b - 486. What is a(7)?
-10
Let p(b) = -40*b**2 + 996*b + 72. Determine p(25).
-28
Let k(b) = 211*b - 408. What is k(2)?
14
Let q(j) = j**3 + 10*j**2 - 15*j + 27. Determine q(4).
191
Let s(p) = p**2 + 66*p + 19. Calculate s(-67).
86
Let w(j) = -19*j + 18. Give w(40).
-742
Let a(x) = -x**3 - 2*x**2 + 81*x + 17. Give a(0).
17
Let p(a) = 250*a - 21994. Give p(88).
6
Let l(d) = -4*d - 62. What is l(-14)?
-6
Let z(p) = p**2 + 28*p + 226. What is z(-14)?
30
Let j(i) = 13*i**2 - 416*i - 24. Give j(32).
-24
Let q(w) = -341*w + 2679. Calculate q(8).
-49
Let d(n) = 243*n - 2320. Determine d(10).
110
Let l(j) = -8*j**2 + 85*j + 49. Determine l(11).
16
Let a(g) = 2*g**2 - 95*g + 1118. Calculate a(22).
-4
Let i(d) = 506*d + 4989. What is i(-10)?
-71
Let j(i) = 138*i + 3481. Give j(-25).
31
Let i(q) = -236*q - 4966. Give i(-21).
-10
Let d(j) = -10*j + 216. Determine d(2).
196
Let w(b) = -2*b**3 + 24*b**2 + 12*b - 28. Give w(12).
116
Let y(d) = -d**3 + 678*d**2 - 2033*d + 9. Calculate y(3).
-15
Let y(j) = -38*j + 37. Give y(1).
-1
Let n(a) = -2*a**3 - 36*a**2 + 68*a + 14. Calculate n(-20).
254
Let t(g) = -4*g**3 + 5*g**2 - 8*g + 14. Determine t(2).
-14
Let y(w) = -12*w + 232. Determine y(35).
-188
Let q(t) = -t**3 - 6*t**2 - 2*t + 14. Give q(-5).
-1
Let